16, what is 12cde9 + 6?
12cdef
In base 7, what is 3 - -316545?
316551
In base 12, what is -2011 + 14a5?
-728
In base 6, what is -443351 - 241?
-444032
In base 9, what is 1780772 - -1370?
1782252
In base 11, what is 73a73 + 2326?
76299
In base 7, what is -1662606552 + -2?
-1662606554
In base 15, what is 1 - 21489da?
-21489d9
In base 7, what is -21002436 - -3?
-21002433
In base 10, what is -4793138 - 10?
-4793148
In base 11, what is -10 + 272420?
272410
In base 16, what is -55 - 1fbe78?
-1fbecd
In base 13, what is -120b4b37 - -1?
-120b4b36
In base 4, what is 3113 + -3023303031?
-3023233312
In base 16, what is 1c85 - -513?
2198
In base 6, what is -410341353 - -15?
-410341334
In base 5, what is 1124432 - 444001?
130431
In base 16, what is -a75a84df - 4?
-a75a84e3
In base 10, what is 132954174 + -7?
132954167
In base 2, what is 10010100110010001010 + 11?
10010100110010001101
In base 8, what is -2 + 10221303?
10221301
In base 16, what is f2d - 1e54?
-f27
In base 3, what is -10022021022212102 - -2?
-10022021022212100
In base 7, what is 41066402 - 16?
41066353
In base 5, what is -221422111 - 1?
-221422112
In base 14, what is 16ad56 + -50b?
16a849
In base 16, what is 3f2c9f + -5?
3f2c9a
In base 5, what is 11010010 + -304303?
10200202
In base 7, what is -2650023 - -16?
-2650004
In base 3, what is -1 - -2212110200120?
2212110200112
In base 2, what is -1000001111000010 - 100011?
-1000001111100101
In base 12, what is -1637 - -20a52?
1b417
In base 9, what is -1176 - -176614?
175427
In base 9, what is 1274585 - -14?
1274610
In base 3, what is 20 - -1212112102111?
1212112102201
In base 7, what is 16 - -55534215?
55534234
In base 15, what is -15bb - 6a2?
-1c6d
In base 12, what is 816706 + -8?
8166ba
In base 3, what is -12 - -110121102021221102?
110121102021221020
In base 7, what is -51210 - -5414?
-42463
In base 6, what is -3 + 5230004?
5230001
In base 11, what is -633a3a4 + 5?
-633a39a
In base 13, what is -7 - -1209aba?
1209ab3
In base 2, what is 1110011000101010001100 - 1011?
1110011000101010000001
In base 7, what is -616206534 + -1?
-616206535
In base 16, what is -3f - 45ff?
-463e
In base 8, what is -7235654 - -1?
-7235653
In base 15, what is -868b4 + 0?
-868b4
In base 10, what is 559520 - 21?
559499
In base 16, what is -2735fc + -5?
-273601
In base 6, what is 3 + 323102532?
323102535
In base 10, what is 39664 - -44?
39708
In base 2, what is -10001100000 - 10100111111011?
-10111001011011
In base 3, what is -112110220 + 1002221101?
120110111
In base 12, what is -16 + 13704947?
13704931
In base 6, what is -14341123 + 233?
-14340450
In base 8, what is -22 - -5674127?
5674105
In base 3, what is -1102221222 - -1020221?
-1101201001
In base 16, what is -525 - 48f?
-9b4
In base 15, what is 0 - -3b1c452?
3b1c452
In base 6, what is 14131 - 32322?
-14151
In base 4, what is 130031311213203 - -3?
130031311213212
In base 11, what is 3 + 1854836?
1854839
In base 15, what is 1d9 - 69e3?
-6809
In base 16, what is -3 - -16ba453?
16ba450
In base 12, what is -425701 + -38?
-425739
In base 11, what is 4 + -5283357?
-5283353
In base 16, what is -669 + -53a5?
-5a0e
In base 12, what is b2 + 34471?
34563
In base 3, what is -211002 - -102022012212?
102021101210
In base 14, what is -b362b99 - 4?
-b362b9d
In base 16, what is 1 - -6dacfc?
6dacfd
In base 6, what is -1 + 54205532?
54205531
In base 15, what is -1 + -a2021?
-a2022
In base 5, what is 2202 - 34204323?
-34202121
In base 10, what is 71803590 - -1?
71803591
In base 14, what is 604 - 39a1?
-339b
In base 12, what is -12426 + -a031?
-20457
In base 8, what is -76645 + 453?
-76172
In base 14, what is 2d734 + 6?
2d73a
In base 6, what is 143531432 + -4?
143531424
In base 6, what is -252135352 - 55?
-252135451
In base 15, what is -8 - 38451c?
-384525
In base 13, what is 7228107 - -5?
722810c
In base 13, what is -a1757 + 70?
-a16b7
In base 13, what is -1525b3 - -2?
-1525b1
In base 9, what is -378440 + 166?
-378263
In base 12, what is -3 - 81560?
-81563
In base 7, what is 12405 - -20046?
32454
In base 5, what is -31143034320 + 0?
-31143034320
In base 9, what is 8 + 50374002?
50374011
In base 12, what is 1330440 + 0?
1330440
In base 6, what is -3332433352 - -2?
-3332433350
In base 2, what is -10110100 + -1011100011100110?
-1011100110011010
In base 6, what is 4142 + 2155255?
2203441
In base 8, what is 1021 - 2055255?
-2054234
In base 5, what is 11330 + -233221031?
-233204201
In base 2, what is 1010110110010100 - 1111?
1010110110000101
In base 9, what is -45 - 1058722?
-1058767
In base 7, what is -1061 - -22661?
21600
In base 3, what is -2211212212 + 200001100?
-2011211112
In base 3, what is 220002020 - -102100?
220111120
In base 4, what is 20 - 12120100223022?
-12120100223002
In base 11, what is -16 - -1a5842?
1a5827
In base 16, what is -174331a - -5?
-1743315
In base 10, what is 1151389 - 0?
1151389
In base 15, what is -98c - -100da?
e64d
In base 7, what is -266 - -5021302?
5021003
In base 2, what is 100011010101011 - 11101110?
100010110111101
In base 3, what is 1221001110020022022 - -12?
1221001110020022111
In base 6, what is -105 + -210210452?
-210211001
In base 15, what is -1 - 15849682?
-15849683
In base 10, what is -2338 + 20307?
17969
In base 9, what is -1164 - -3031?
1756
In base 16, what is -353db2 + 12?
-353da0
In base 13, what is 2195ca0 - -5?
2195ca5
In base 3, what is -220 - 202221100021?
-202221101011
In base 9, what is -256207 - 77?
-256285
In base 15, what is -825671 - b?
-82567c
In base 3, what is 1200210 - -1020022020?
1022000000
In base 10, what is 2507 + 1594?
4101
In base 10, what is -171702 + -226?
-171928
In base 8, what is 63447 - 50735?
12512
In base 8, what is 1453 + 10541?
12214
In base 3, what is -101011 + -102122212?
-110001000
In base 2, what is 1010010 - -1011110101011110101?
1011110101101000111
In base 12, what is -5a2 - 102bb?
-108a1
In base 14, what is -42 - 145146?
-145188
In base 5, what is 2 - 20314110243?
-20314110241
In base 16, what is 15 - -ede92a?
ede93f
In base 5, what is 4202201 + 1413?
4204114
In base 14, what is 9 - -8c05b0?
8c05b9
In base 3, what is 1201221002221112111 + 12?
1201221002221112200
In base 12, what is 212 - 68442?
-68230
In base 15, what is 0 - b9b48d?
-b9b48d
In base 9, what is -22668 - -8872?
-12686
In base 12, what is -286580 + -276?
-286836
In base 9, what is 22 - 1643215?
-1643183
In base 3, what is 10021222 - -1102221100?
1120020022
In base 13, what is -6 + -7743296?
-774329c
In base 5, what is -140121422413 + -1?
-140121422414
In base 13, what is 12641 + -12?
1262c
In base 5, what is 4121421021113 - 3?
4121421021110
In base 11, what is 19a15435 - -1?
19a15436
In base 13, what is -7712 - -25b0?
-5132
In base 6, what is 3240441 + -54?
3240343
In base 8, what is -4776 + -3475?
-10473
In base 5, what is 10 + 1331424040?
1331424100
In base 16, what is -4f827d - 3?
-4f8280
In base 10, what is 2 - 29556014?
-29556012
In base 10, what is 28958 + 588?
29546
In base 2, what is 100 + -11110010100000100110111?
-11110010100000100110011
In base 7, what is -133312525 - -10?
-133312515
In base 11, what is 0 - -120155a?
120155a
In base 13, what is -946c0 - -28?
-94695
In base 14, what is -33a8 + 5a4?
-2c04
In base 10, what is 107 - 114146?
-114039
In base 14, what is 1a - -464388?
4643a4
In base 4, what is -10320221223 - 230?
-10320222113
In base 9, what is -4040 + 32678?
27638
In base 6, what is -120512 - -11540?
-104532
In base 4, what is 0 - 13133133012221?
-13133133012221
In base 14, what is -b5 - 14c4b?
-14d22
In base 13, what is 302ba164 - 5?
302ba15c
In base 10, what is 1526123 - -29?
1526152
In base 16, what is -8 + cf483?
cf47b
In base 16, what is -4 - 2223b5?
-2223b9
In base 4, what is 1313100131 - 1?
1313100130
In base 7, what is 3625126 + 15?
3625144
In base 9, what is 122 - -2623526?
2623648
In base 10, what is -3 + -96139335?
-96139338
In base 2, what is -1001 + 10111001001100010111011?
10111001001100010110010
In base 13, what is 218 - 14c1b?
-14a03
In base 11, what is 243425 - -71?
243496
In base 2, what is -1 - -1110010010011011000100110?
1110010010011011000100101
In base 8, what is -11347346 + 13?
-11347333
In base 10, what is 0 - -13830533?
13830533
In base 2, what is -10001001100011101011101 + 10?
-10001001100011101011011
In base 9, what is -4712 + 10751?
5038
In bas